{"id":64,"date":"2024-11-24T20:18:27","date_gmt":"2024-11-24T20:18:27","guid":{"rendered":"https:\/\/www.yeganeh.de\/?post_type=product&#038;p=64"},"modified":"2025-02-01T00:09:13","modified_gmt":"2025-02-01T00:09:13","slug":"seminare-persoenlichkeitsentwicklung","status":"publish","type":"product","link":"https:\/\/www.yeganeh.de\/?product=seminare-persoenlichkeitsentwicklung","title":{"rendered":"Seminare Pers\u00f6nlichkeitsentwicklung"},"content":{"rendered":"<div class=\"flex max-w-full flex-col flex-grow\">\n<div class=\"min-h-8 text-message flex w-full flex-col items-end gap-2 whitespace-normal break-words [.text-message+&amp;]:mt-5\" dir=\"auto\" data-message-author-role=\"assistant\" data-message-id=\"eaa8461b-f86a-4241-a2f2-a4e54d94802d\" data-message-model-slug=\"gpt-4o\">\n<div class=\"flex w-full flex-col gap-1 empty:hidden first:pt-[3px]\">\n<div class=\"markdown prose w-full break-words dark:prose-invert light\">\n<p>Beruflicher Erfolg h\u00e4ngt nicht ausschlie\u00dflich von Fachwissen ab \u2013 Ihre Pers\u00f6nlichkeit spielt oft eine entscheidende Rolle. Sie bildet die Grundlage Ihrer Denk- und Verhaltensweisen, die durch Erziehung geformt und im Laufe des Lebens durch Erfahrungen sowie Begegnungen weiterentwickelt werden.<\/p>\n<p>Da \u00e4u\u00dfere Einfl\u00fcsse dynamisch sind, ver\u00e4ndert sich Ihre Pers\u00f6nlichkeit kontinuierlich. Alte Denkmuster weichen neuen Perspektiven, und Sie haben die M\u00f6glichkeit, gewohnte Verhaltensweisen zu hinterfragen und zu durchbrechen. Dabei k\u00f6nnen Sie Ihre Pers\u00f6nlichkeitsentwicklung aktiv gestalten.<\/p>\n<p>In unseren Seminaren lernen Sie, Ihre Pers\u00f6nlichkeit besser zu verstehen, unerw\u00fcnschte Eigenschaften zu ver\u00e4ndern und gew\u00fcnschte F\u00e4higkeiten zu entwickeln. Durch gezieltes Selbstmanagement helfen wir Ihnen, Ihr Potenzial vollst\u00e4ndig zu entfalten und Ihre St\u00e4rken optimal zu nutzen.<\/p>\n<\/div>\n<\/div>\n<\/div>\n<\/div>\n<div class=\"mb-2 flex gap-3 empty:hidden -ml-2\">\n<div class=\"items-center justify-start rounded-xl p-1 flex\">\n<div class=\"flex items-center\">\n<div class=\"flex items-center pb-0\"><\/div>\n<\/div>\n<\/div>\n<\/div>\n","protected":false},"excerpt":{"rendered":"<p><strong>Ihr Schl\u00fcssel zum Erfolg<\/strong><\/p>\n<p>&nbsp;<\/p>\n<p>&nbsp;<\/p>\n<p>Erfolgreich zu sein bedeutet mehr als Fachwissen \u2013 Ihre Pers\u00f6nlichkeit macht den Unterschied. In unseren Se<\/p>\n<p>minaren lernen Sie, Ihre St\u00e4rken zu erkennen, unerw\u00fcnschte Eigenschaften zu ver\u00e4ndern und neue F\u00e4higkeiten zu entwickeln. Entdecken Sie Ihr Potenzial und setzen Sie es gezielt ein, um beruflich<\/p>\n<p>und pers\u00f6nlich zu wachsen.<\/p>\n<p>&nbsp;<\/p>\n","protected":false},"featured_media":0,"comment_status":"open","ping_status":"closed","template":"","meta":[],"product_brand":[],"product_cat":[15],"product_tag":[],"class_list":{"0":"post-64","1":"product","2":"type-product","3":"status-publish","5":"product_cat-erfahrungslevel","7":"first","8":"instock","9":"taxable","10":"shipping-taxable","11":"purchasable","12":"product-type-simple"},"_links":{"self":[{"href":"https:\/\/www.yeganeh.de\/index.php?rest_route=\/wp\/v2\/product\/64","targetHints":{"allow":["GET"]}}],"collection":[{"href":"https:\/\/www.yeganeh.de\/index.php?rest_route=\/wp\/v2\/product"}],"about":[{"href":"https:\/\/www.yeganeh.de\/index.php?rest_route=\/wp\/v2\/types\/product"}],"replies":[{"embeddable":true,"href":"https:\/\/www.yeganeh.de\/index.php?rest_route=%2Fwp%2Fv2%2Fcomments&post=64"}],"wp:attachment":[{"href":"https:\/\/www.yeganeh.de\/index.php?rest_route=%2Fwp%2Fv2%2Fmedia&parent=64"}],"wp:term":[{"taxonomy":"product_brand","embeddable":true,"href":"https:\/\/www.yeganeh.de\/index.php?rest_route=%2Fwp%2Fv2%2Fproduct_brand&post=64"},{"taxonomy":"product_cat","embeddable":true,"href":"https:\/\/www.yeganeh.de\/index.php?rest_route=%2Fwp%2Fv2%2Fproduct_cat&post=64"},{"taxonomy":"product_tag","embeddable":true,"href":"https:\/\/www.yeganeh.de\/index.php?rest_route=%2Fwp%2Fv2%2Fproduct_tag&post=64"}],"curies":[{"name":"wp","href":"https:\/\/api.w.org\/{rel}","templated":true}]}}